{"id":86,"date":"2019-10-25T12:27:58","date_gmt":"2019-10-25T12:27:58","guid":{"rendered":"http:\/\/maitre-bruno-perucca.fr\/?page_id=86"},"modified":"2022-03-12T21:48:57","modified_gmt":"2022-03-12T21:48:57","slug":"mentions-legales","status":"publish","type":"page","link":"https:\/\/www.maitre-bruno-perucca.fr\/it\/mentions-legales\/","title":{"rendered":"Informazioni legali"},"content":{"rendered":"<p>[et_pb_section fb_built=\u00a0\u00bb1&Prime; _builder_version=\u00a0\u00bb3.26.3&Prime; global_colors_info=\u00a0\u00bb{}\u00a0\u00bb][et_pb_row _builder_version=\u00a0\u00bb3.26.3&Prime; global_colors_info=\u00a0\u00bb{}\u00a0\u00bb][et_pb_column type=\u00a0\u00bb4_4&Prime; _builder_version=\u00a0\u00bb3.26.3&Prime; global_colors_info=\u00a0\u00bb{}\u00a0\u00bb][et_pb_text _builder_version=\u00a0\u00bb4.0.7&Prime; text_font=\u00a0\u00bb||||||||\u00a0\u00bb text_text_color=\u00a0\u00bb#000000&Prime; header_3_font=\u00a0\u00bbKarla|700||on|on||||\u00a0\u00bb header_3_text_color=\u00a0\u00bb#b51212&Prime; header_3_font_size=\u00a0\u00bb30px\u00a0\u00bb header_4_font=\u00a0\u00bbCormorant Garamond||||||||\u00a0\u00bb header_4_text_color=\u00a0\u00bb#000000&Prime; header_4_font_size=\u00a0\u00bb23px\u00a0\u00bb global_colors_info=\u00a0\u00bb{}\u00a0\u00bb]<\/p>\n<h3>Informations l\u00e9gales<\/h3>\n<p>&nbsp;<\/p>\n<p><b>L\u2019\u00e9diteur du site est :<\/b><\/p>\n<p>Nom ou Raison sociale : BRUNO PERUCCA AVOCAT<br \/>Adresse : 5 BD DU CAP 06160 ANTIBES <br \/>Adresse \u00e9lectronique : bperucca.avocat@yahoo.fr<br \/>T\u00e9l\u00e9phone : 04 92 93 14 51<br \/>Directeur de r\u00e9daction \/ publication : MONSIEUR BRUNO PERUCCA<br \/>N\u00b0 Registre Commerce : <span> 41759294600038<\/span><\/p>\n<p>\u00a0<span style=\"font-size: 14px;\">\u00a0<\/span><\/p>\n<p><b>Traitement des donn\u00e9es personnelles<\/b><\/p>\n<p>Notre site ne demande pas d\u2019enregistrement nominatif \u00e0 ses visiteurs et ne proc\u00e8de \u00e0 aucun enregistrement nominatif pour la simple consultation de ses pages.<br \/>Cependant, dans certains cas (fonctionnalit\u00e9s de partage et aux modules sociaux, formulaires de contact, participation \u00e0 un jeu-concours, paiement en ligne\u2026), vous pouvez \u00eatre invit\u00e9 \u00e0 laisser des donn\u00e9es personnelles (noms, pr\u00e9noms, num\u00e9ros de t\u00e9l\u00e9phones, adresses postales, adresse \u00e9lectronique\u2026). Le caract\u00e8re obligatoire ou facultatif des donn\u00e9es vous est signal\u00e9 lors de la collecte par un ast\u00e9risque.<br \/>Le cas \u00e9ch\u00e9ant, le formulaire de collecte pourra \u00eatre accompagn\u00e9 d\u2019une case \u00e0 cocher vous permettant d\u2019accepter ou de refuser que vos donn\u00e9es soient utilis\u00e9es \u00e0 des fins commerciales pour le compte de tiers, et\/ou c\u00e9d\u00e9es \u00e0 des tiers.<br \/>Nous ne collectons aucune donn\u00e9e sensible, \u00e0 savoir aucune donn\u00e9e relative \u00e0 vos origines raciales ou ethniques, \u00e0 vos opinions politiques, philosophiques ou religieuses ou votre appartenance syndicale, ou qui sont relatives \u00e0 votre sant\u00e9 ou votre vie sexuelle.<br \/>Par ailleurs, lors de la consultation de notre site web, nous sommes amen\u00e9s \u00e0 collecter et traiter des donn\u00e9es relatives \u00e0 votre navigation (notamment les cookies, votre adresse IP, les pages que vous avez consult\u00e9es et les recherches que vous avez effectu\u00e9es), et \u00e0 votre terminal (type de navigateur utilis\u00e9, mod\u00e8le et version de votre syst\u00e8me d\u2019exploitation, r\u00e9solution de votre \u00e9cran, pr\u00e9sence de certains plug-ins, \u2026). Nous r\u00e9aliserons \u00e9galement une g\u00e9olocalisation approximative de votre ville d\u2019origine. Ces donn\u00e9es seront utilis\u00e9es pour r\u00e9aliser des statistiques d\u2019utilisation de notre site afin de le rendre plus pertinent, pour identifier les soci\u00e9t\u00e9s s\u2019int\u00e9ressant \u00e0 nos produits.<br \/>Nous vous informons que vous disposez aussi d\u2019un droit d\u2019acc\u00e8s, de modification, de rectification et de suppression des donn\u00e9es qui vous concernent (art. 34 de la loi \u00ab Informatique et libert\u00e9s \u00bb du 6 janvier 1978). Pour exercer ce droit, adressez-vous au webmaster du site.<\/p>\n<p>[\/et_pb_text][\/et_pb_column][\/et_pb_row][\/et_pb_section]<\/p>\n","protected":false},"excerpt":{"rendered":"<p>Informations l\u00e9gales &nbsp; L\u2019\u00e9diteur du site est : Nom ou Raison sociale : BRUNO PERUCCA AVOCATAdresse : 5 BD DU CAP 06160 ANTIBES Adresse \u00e9lectronique : bperucca.avocat@yahoo.frT\u00e9l\u00e9phone : 04 92 93 14 51Directeur de r\u00e9daction \/ publication : MONSIEUR BRUNO PERUCCAN\u00b0 Registre Commerce : 41759294600038 \u00a0\u00a0 Traitement des donn\u00e9es personnelles Notre site ne demande pas [&hellip;]<\/p>\n","protected":false},"author":1,"featured_media":0,"parent":0,"menu_order":0,"comment_status":"closed","ping_status":"closed","template":"","meta":{"_et_pb_use_builder":"on","_et_pb_old_content":"","_et_gb_content_width":"","footnotes":""},"class_list":["post-86","page","type-page","status-publish","hentry"],"_links":{"self":[{"href":"https:\/\/www.maitre-bruno-perucca.fr\/it\/wp-json\/wp\/v2\/pages\/86"}],"collection":[{"href":"https:\/\/www.maitre-bruno-perucca.fr\/it\/wp-json\/wp\/v2\/pages"}],"about":[{"href":"https:\/\/www.maitre-bruno-perucca.fr\/it\/wp-json\/wp\/v2\/types\/page"}],"author":[{"embeddable":true,"href":"https:\/\/www.maitre-bruno-perucca.fr\/it\/wp-json\/wp\/v2\/users\/1"}],"replies":[{"embeddable":true,"href":"https:\/\/www.maitre-bruno-perucca.fr\/it\/wp-json\/wp\/v2\/comments?post=86"}],"version-history":[{"count":9,"href":"https:\/\/www.maitre-bruno-perucca.fr\/it\/wp-json\/wp\/v2\/pages\/86\/revisions"}],"predecessor-version":[{"id":1140,"href":"https:\/\/www.maitre-bruno-perucca.fr\/it\/wp-json\/wp\/v2\/pages\/86\/revisions\/1140"}],"wp:attachment":[{"href":"https:\/\/www.maitre-bruno-perucca.fr\/it\/wp-json\/wp\/v2\/media?parent=86"}],"curies":[{"name":"wp","href":"https:\/\/api.w.org\/{rel}","templated":true}]}}

<p>[et_pb_section fb_built= »1&Prime; _builder_version= »3.26.3&Prime; global_colors_info= »{} »][et_pb_row _builder_version= »3.26.3&Prime; global_colors_info= »{} »][et_pb_column type= »4_4&Prime; _builder_version= »3.26.3&Prime; global_colors_info= »{} »][et_pb_text _builder_version= »4.0.7&Prime; text_font= »|||||||| » text_text_color= »#000000&Prime; header_3_font= »Karla|700||on|on|||| » header_3_text_color= »#b51212&Prime; header_3_font_size= »30px » header_4_font= »Cormorant Garamond|||||||| » header_4_text_color= »#000000&Prime; header_4_font_size= »23px » global_colors_info= »{} »]</p>
<h3>Informations légales</h3>
<p>&nbsp;</p>
<p><b>L’éditeur du site est :</b></p>
<p>Nom ou Raison sociale : BRUNO PERUCCA AVOCAT<br />Adresse : 5 BD DU CAP 06160 ANTIBES <br />Adresse électronique : bperucca.avocat@yahoo.fr<br />Téléphone : 04 92 93 14 51<br />Directeur de rédaction / publication : MONSIEUR BRUNO PERUCCA<br />N° Registre Commerce : <span> 41759294600038</span></p>
<p> <span style="font-size: 14px;"> </span></p>
<p><b>Traitement des données personnelles</b></p>
<p>Notre site ne demande pas d’enregistrement nominatif à ses visiteurs et ne procède à aucun enregistrement nominatif pour la simple consultation de ses pages.<br />Cependant, dans certains cas (fonctionnalités de partage et aux modules sociaux, formulaires de contact, participation à un jeu-concours, paiement en ligne…), vous pouvez être invité à laisser des données personnelles (noms, prénoms, numéros de téléphones, adresses postales, adresse électronique…). Le caractère obligatoire ou facultatif des données vous est signalé lors de la collecte par un astérisque.<br />Le cas échéant, le formulaire de collecte pourra être accompagné d’une case à cocher vous permettant d’accepter ou de refuser que vos données soient utilisées à des fins commerciales pour le compte de tiers, et/ou cédées à des tiers.<br />Nous ne collectons aucune donnée sensible, à savoir aucune donnée relative à vos origines raciales ou ethniques, à vos opinions politiques, philosophiques ou religieuses ou votre appartenance syndicale, ou qui sont relatives à votre santé ou votre vie sexuelle.<br />Par ailleurs, lors de la consultation de notre site web, nous sommes amenés à collecter et traiter des données relatives à votre navigation (notamment les cookies, votre adresse IP, les pages que vous avez consultées et les recherches que vous avez effectuées), et à votre terminal (type de navigateur utilisé, modèle et version de votre système d’exploitation, résolution de votre écran, présence de certains plug-ins, …). Nous réaliserons également une géolocalisation approximative de votre ville d’origine. Ces données seront utilisées pour réaliser des statistiques d’utilisation de notre site afin de le rendre plus pertinent, pour identifier les sociétés s’intéressant à nos produits.<br />Nous vous informons que vous disposez aussi d’un droit d’accès, de modification, de rectification et de suppression des données qui vous concernent (art. 34 de la loi « Informatique et libertés » du 6 janvier 1978). Pour exercer ce droit, adressez-vous au webmaster du site.</p>
<p>[/et_pb_text][/et_pb_column][/et_pb_row][/et_pb_section]</p>

<p>Informations légales &nbsp; L’éditeur du site est : Nom ou Raison sociale : BRUNO PERUCCA AVOCATAdresse : 5 BD DU CAP 06160 ANTIBES Adresse électronique : bperucca.avocat@yahoo.frTéléphone : 04 92 93 14 51Directeur de rédaction / publication : MONSIEUR BRUNO PERUCCAN° Registre Commerce : 41759294600038    Traitement des données personnelles Notre site ne demande pas [&hellip;]</p>
